2*p + x = p, -3*p - 59 = -2*j. What is the remainder when 49 is divided by j?
24
Suppose -131 = q - 123. Let j(m) = -m**3 + 2*m**2 + 4*m - 4. Calculate the remainder when j(-4) is divided by 5/((-10)/q) - (-3 - 20).
22
Calculate the remainder when (-7830)/(-216)*(-16)/(-5) is divided by 34.
14
Suppose -4*i = h - 162, -133*h + 138*h - 3*i - 741 = 0. What is the remainder when 749 is divided by h?
149
Let d = -88 - -61. Let j = d + 30. Suppose s + 2*c - 28 - 14 = 0, 0 = -j*s - 2*c + 110. Calculate the remainder when 64 is divided by s.
30
Let u = 120 - 120. Suppose u = -6*v + v + 3*d + 114, -4*v - 5*d = -69. Let y(g) = -g**3 - 3*g**2 + 7*g - 2. What is the remainder when v is divided by y(-5)?
8
Suppose -7881 = -25*n + 3494. Let l = -444 + n. What is the remainder when 15 is divided by l?
4
Suppose 739*z - 400*z - 300015 = 0. What is the remainder when z is divided by 257?
114
Let y(u) = 5*u**2 - 367*u - 481. What is the remainder when y(79) is divided by 47?
39
What is the remainder when ((-3)/(-6)*-766)/(3/(-21)) is divided by 6?
5
Let n = 862 + -588. Let r = -181 + n. Suppose 64 = 5*b - b. Calculate the remainder when r is divided by b.
13
Let z(s) = 52*s - 39. What is the remainder when 427 is divided by z(3)?
76
Let b = -888 - -1959. What is the remainder when b is divided by 25?
21
Let i be (10/(-25)*-10)/((-2)/(-3)). Suppose i*z + 2 - 8 = 0. Suppose -22 = -v - 5*b, v - 23 = 2*b - z. Calculate the remainder when 153 is divided by v.
21
Suppose 5*u = 3*c - 1740, -c - 45 + 642 = 4*u. Calculate the remainder when c is divided by 165.
90
Let z(u) = -239*u - 8253. Calculate the remainder when z(-88) is divided by 36.
35
Let r = -546 + 537. Let l(j) = 9*j + 102. Calculate the remainder when 38 is divided by l(r).
17
Let b(q) = -68*q - 20. Let k(j) = 23*j + 7. Let t(y) = 6*b(y) + 17*k(y). Let f be t(5). Let l = f + 139. What is the remainder when l is divided by 14?
11
Let i = -742 - -787. Let f be 2/3*3/1. Suppose -f*b + 1 = -23. Calculate the remainder when i is divided by b.
9
Let k = -29999 - -30001. Let s = -2 - -5. Calculate the remainder when s is divided by k.
1
Let b(g) = 22*g**3 - 5*g**2 + 4*g + 6. Let w be b(4). Let q be (-9)/((-27)/2)*w. What is the remainder when 55 is divided by q/65 - 8/(-52)?
13
Let r = 2654 - 2590. Calculate the remainder when 438 is divided by r.
54
What is the remainder when (-199)/(-1) - (-39)/(39/10) is divided by ((-20)/16)/((-3)/72)?
29
Let m(i) = 5*i**2 - 10*i - 60. Calculate the remainder when 151 is divided by m(-3).
1
Let j = 23551 - 23185. Calculate the remainder when 2928 is divided by j.
0
Suppose 2*o + 89 + 29 = 0. Let t = -2884 + 2956. Let p = t + o. What is the remainder when 23 is divided by p?
10
Let l = 9 + -5. Let q = -123 + 129. Suppose -o = -3*z - 15 - q, -5*o = z - 89. What is the remainder when o is divided by l?
2
Let w(i) = -i**2 + 18*i - 45. Let u be w(4). Suppose u*q = -3*q + 224. What is the remainder when 140 is divided by q?
12
Let h = 494 - 1187. Let d = 1154 + h. What is the remainder when d is divided by 29?
26
Let i = 5688 + -5392. What is the remainder when i is divided by 151?
145
Let g(j) = -21*j + 325. Let x(z) = -47*z + 649. Let o(r) = 9*g(r) - 4*x(r). Calculate the remainder when o(-8) is divided by 34.
31
What is the remainder when 153/255 + 1757/5 is divided by 53?
34
Suppose -5*m = -y + 181, 53*y + 440 = 55*y + 3*m. Calculate the remainder when 665 is divided by y.
32
What is the remainder when (-44)/385 + 4/10 + 5816/28 is divided by 13?
0
Let g = -2051 - -2082. What is the remainder when 502 is divided by g?
6
Let y = 1263 + -1072. Calculate the remainder when y is divided by 64.
63
Let d(g) = -4*g**3 - 17*g**2 - 4*g + 7. Suppose 5*p = -3*m + 899, -4*p + 2*p + 350 = -2*m. What is the remainder when p is divided by d(-4)?
3
Let t(c) = -766*c**3 - 9*c - 9. What is the remainder when t(-1) is divided by 16?
14
Let r(z) = z**3 - 6*z**2 + 14*z - 7. Let m = 588 + -584. Suppose 4*p - 128 = -4*y + 2*y, 0 = -5*y + 3*p + 333. What is the remainder when y is divided by r(m)?
15
Let s(q) = -14*q - 100. Let o be s(22). Let w = o - -421. Calculate the remainder when 35 is divided by w.
9
Let n = 269 - 353. Let v = 237 + n. Calculate the remainder when v is divided by 36.
9
Calculate the remainder when 983 is divided by 352/(-220)*190/(-8).
33
Let f = 14 - 7. Let g = f - 2. What is the remainder when 2 - 2/(2/(-9)) is divided by g?
1
Suppose 48*v - 176 = 32*v. Suppose 0 = -v*x + 5*x + 366. What is the remainder when x is divided by 22?
17
Let m be (2 - 1 - -3) + -6 + -2. Calculate the remainder when (-146)/m - 9/(-30)*-5 is divided by 26.
9
Let b(y) = -90*y - 2633. Calculate the remainder when b(-82) is divided by 16.
11
Let l = -3 + 5. Suppose -l*y + y = -20. Calculate the remainder when 5 + (-13 - -7) - 295/(-5) is divided by y.
18
Suppose 0 = -f - 3*i + 4 - 1, 4*f + 5*i = -2. What is the remainder when 79 + (-4 - (-10 + 3)) is divided by ((-1)/f)/(5/255)?
14
Let s be -68 + 1*3/9*15. What is the remainder when 33/1 + s/(-21) is divided by 5?
1
Let d = -23043 - -23113. What is the remainder when 101 is divided by d?
31
Let m be (66/55)/(2/5) - -46. Suppose -50*s = -m*s - 21. Suppose -20*g = -s*g + 19. Calculate the remainder when 70 is divided by g.
13
Let f(r) = -r**3 - 21*r**2 + 31*r - 11. Let z be f(-22). Let j = 218 + z. What is the remainder when 78 is divided by j?
6
Let w(p) = -28*p + 252. Calculate the remainder when w(-33) is divided by 31.
29
Let w(a) = -a**2 + 25*a - 14. Let y = 8 - -2. Suppose -x = -39 - y. What is the remainder when x is divided by w(24)?
9
Let w(y) = -8 + 0 - y**3 + 6*y**2 + y + 9*y. Let r(j) = -j**3 + j**2 + 45*j + 25. Let i be r(-6). Calculate the remainder when 64 is divided by w(i).
12
Let c = 55347 - 44737. What is the remainder when c is divided by 28?
26
Suppose -21 = p + 4*p + 2*o, -3*o = 2*p + 15. Let b be 2/(28/8 + p). Suppose 0 = 9*v - b*v - 110. What is the remainder when 42 is divided by v?
20
Let w = 132 + 54. Suppose -2*r + w = -6*h + 10*h, r - 2*h = 85. Calculate the remainder when r is divided by 10.
9
Suppose 3*w = 3*r + 465, 153 = 2*w + 3*r - 142. Calculate the remainder when w is divided by ((-16)/(-12) + -1 + 0)*93.
28
Let r(f) = 2*f**3 - 53*f**2 + 4*f + 636. Calculate the remainder when 3519 is divided by r(26).
63
Suppose -2*i = -3 - 29. Suppose -2*s - 4 = 0, -3*s - s = 4*y - 252. What is the remainder when y is divided by i + 8 + (0 - 2)?
21
Let v = -135 - -13. Let g = v - -138. Calculate the remainder when 90 is divided by g.
10
Suppose 5 - 10 = -r, 5*a + 55 = -r. Let y = -5 + 9. Calculate the remainder when (16/a)/((-8)/180) + 0 is divided by y.
2
Suppose -1223 = -12*i + 709. Let w be (4/5)/((-131)/(-130) + -1). Let c = w - 77. Calculate the remainder when i is divided by c.
26
Let w = -80 - -83. Suppose 0 = -w*z + 419 + 268. Suppose 0 = -3*u + 9, z + 282 = 4*f - 3*u. Calculate the remainder when f is divided by 19.
16
Let s(m) = 15*m - 23. Suppose -5*u - 4*p = -14, u = -0*u + 3*p + 18. Suppose 2 = u*q - 34. What is the remainder when s(q) is divided by 23?
21
Let a = -1296 - -891. Let r = a - -467. Calculate the remainder when r is divided by 22.
18
Suppose 0 = 7*p + 20 + 36. Let b = p - -13. Suppose 4*q - 20 = 0, -b*h + 185 = -2*q + 5*q. Calculate the remainder when 101 is divided by h.
33
Suppose -17*k + 21*k - 16 = 0. Suppose 0 = -2*l - k*l + 186. What is the remainder when l is divided by 8?
7
Let y(i) = i**2 - 2*i + 20. Let r(c) = -c**2 - c + 14. Let z be r(0). Let a be y(z). Suppose a = 4*q + 64. What is the remainder when q is divided by 7?
3
Let w = 459 - 305. Let u = -129 - -133. Suppose -3*i + 6*i + u*c - 105 = 0, -111 = -3*i - 2*c. Calculate the remainder when w is divided by i.
37
Suppose 12404 + 5266 = 15*x. Suppose -x + 1208 = 3*o. What is the remainder when 25 is divided by o?
5
Let o(q) = 69*q + 714. Suppose 5*v - 4*m = 490, -3*v + m = -7*v + 371. Calculate the remainder when v is divided by o(-10).
22
Let z(q) = 303*q**2 - 1. Let s be z(-1). Let o = -160 + s. Suppose -3*x + 176 = -o. Calculate the remainder when x is divided by 36.
34
Suppose 0 = -6*q - 246 + 996. Let n = 257 - q. What is the remainder when n is divided by 45?
42
Let w = -18096 - -18272. What is the remainder when 868 is divided by w?
1